.
34
Suppose -h + 12 = 2*b, 0 = h - 5*b + 7 + 9. Suppose -18 = -h*c - 0*c + 2*j, -4*c - j = -15. Calculate the highest common divisor of 16 and c.
4
Let c = 114 + -42. Let h(f) = -6*f + f + 4*f + 9 + 2*f. Let p be h(0). Calculate the greatest common factor of p and c.
9
Let b(l) = -l**3 + 5*l**2 + 9*l - 6. Suppose 0 = -3*h + 9, 3*j + 3*h - 27 = -0*h. Let s be b(j). What is the greatest common divisor of 36 and s?
12
Let f be (-40)/(-8) - (-1)/(-1 + 0). Suppose 0 = -f*v + 3*v - m + 36, 4*m = -v + 48. What is the greatest common factor of 160 and v?
32
Let c be 1/(30/(-396)*(-1)/20). What is the highest common factor of c and 12?
12
Suppose -1504 = 4*f - 20*f. Let t = 227 - f. Calculate the highest common divisor of t and 7.
7
Let d be 211 - 2/(-8)*-12. Calculate the greatest common divisor of d and 91.
13
Suppose -104 = -2*v - t, 2*v - 3*v - 4*t = -66. Let k(d) = -3*d + 0 + 4*d + 10. Let b be k(10). Calculate the greatest common factor of b and v.
10
Suppose 6*u - 4*u - d - 216 = 0, -324 = -3*u - 4*d. What is the highest common divisor of 6 and u?
6
Let u be (136/4)/2 + -7. Calculate the greatest common factor of u and 135.
5
Suppose 20 + 13 = 3*p. Let j(b) = b**3 + 10*b**2 - 8*b - 25. Let u be j(-10). Suppose 0 = 3*d - 2*d - u. What is the highest common divisor of p and d?
11
Let i = 46 + -14. Let l(z) = z**2 - 7*z + 14. Suppose 0*c - 36 = -4*c. Let u be l(c). Calculate the greatest common divisor of i and u.
32
Let i = -98 + 121. Suppose -i*d = -27*d + 192. What is the greatest common factor of 32 and d?
16
Let c = 77 + -73. Let q = 1 + -3. Let s be ((-18)/4 - c)*q. What is the highest common divisor of s and 17?
17
Let w be 7/(-1) + (-9 - -7). Let q(l) = 9 + 18*l - 2 - l**2 + 3*l**2. Let y be q(w). What is the highest common divisor of 49 and y?
7
Suppose 4*p - f - 2670 = 0, 0 = 2*p - 4*f - 1078 - 264. Calculate the highest common factor of p and 46.
23
Suppose 6*b - 341 = -107. What is the greatest common factor of b and 312?
39
Suppose 0 = -0*j + 4*j - 20. Suppose 5*f + 4 = u, -3*f - f - 41 = -j*u. Calculate the highest common divisor of 63 and u.
9
Suppose 3*g = -3 + 9. Suppose 0 = -2*l + 10 + g. Suppose l = -5*f + 6*f. Calculate the greatest common divisor of f and 54.
6
Let c(q) = -q**3 - 6*q**2 - 2*q + 2. Let z be c(-6). What is the greatest common factor of z and 4?
2
Suppose -3*l + 119 = j, 2*j - l - 270 = l. Let w = 183 - j. What is the highest common divisor of w and 39?
13
Suppose 79 = d - 126. Let l be d + (-20)/(6 - 2). Calculate the highest common divisor of l and 20.
20
Suppose -144 = -8*n + 136. Calculate the greatest common divisor of 7 and n.
7
Suppose 0 = o - 3*o + 194. Let d = o - 82. What is the greatest common factor of d and 3?
3
Suppose -5*y = 3*l - 18, -5*y + 2 = -5*l - 8. What is the greatest common factor of l and 3?
1
Let t(k) = -k**3 - 16*k**2. Let g be t(-16). Let d be 4 + (g - 3 - -4). Calculate the greatest common factor of 35 and d.
5
Let m be 160/(-24)*6/(-4). Let a = 17 + 77. Let y = a + -54. What is the highest common factor of y and m?
10
Let y = 11 - -1. Let i = y - 7. Suppose 31 - 106 = -i*z. Calculate the greatest common divisor of 105 and z.
15
Let m be -7 + 55/(14 - 9). What is the highest common factor of 212 and m?
4
Let w = -19 - -13. Let m be 2 + 0 - (-12)/w. Suppose -5*n + 2*v + 32 = m, -v + 3*v = 3*n - 16. Calculate the highest common factor of 72 and n.
8
Suppose -b - 4*h = -57, -2*h + 173 = 3*b + 22. Calculate the greatest common divisor of 49 and b.
49
Suppose -4*c - 20 = 0, 4*w - 57*c = -59*c + 1894. Calculate the highest common divisor of w and 204.
68
Suppose -44 = 5*w - 6*w. Let o = 20 - -5. Let p = o - 14. What is the highest common divisor of p and w?
11
Suppose -7*c + 301 = -224. Calculate the highest common factor of 525 and c.
75
Let i = -448 + 453. Calculate the greatest common factor of i and 135.
5
Let l = -642 + 658. Calculate the greatest common divisor of l and 1136.
16
Let r = 14 + -10. Suppose 720 = r*d + d. Let s(m) = -m**3 + 8*m**2 + 11*m - 2. Let p be s(9). Calculate the greatest common divisor of d and p.
16
Let l be ((-54)/4)/((-21)/56). Let d = 47 - l. Calculate the greatest common factor of d and 99.
11
Let f be (10*(-2)/16)/(3/(-120)). Calculate the highest common divisor of f and 20.
10
Let h(u) = -2*u - 3*u + 2 - 1 + 6*u - 5*u**3. Let r be h(-1). Let b(d) = d**2 - 3*d - 1. Let x be b(r). Calculate the greatest common divisor of 9 and x.
9
Suppose 0 = 102*n - 98*n - 56. Calculate the greatest common divisor of 406 and n.
14
Let w(k) = -k**2 - 11*k - 16. Let r(f) = f - 1. Let l(t) = -2*r(t) + w(t). Let y be l(-6). What is the highest common divisor of y and 224?
28
Suppose 66*z = 62*z + 5*b + 71, -10 = -2*b. Calculate the highest common factor of 24 and z.
24
Let p(t) = 0 + 9*t**3 + 1 + 2*t - t - t**2. Let a be p(-1). Let m be (20/6)/(a/(-15)). What is the highest common factor of 15 and m?
5
Suppose 12*r - 25 = 11*r. Let x = r + 10. Calculate the greatest common factor of x and 315.
35
Let g = 324 - 292. What is the highest common factor of 224 and g?
32
Let p = 34 + -42. Let k be (-12)/16 + (-102)/p. Calculate the highest common divisor of 18 and k.
6
Suppose 0*x = 5*x + 3*q - 3, 2 = 3*x + 2*q. Suppose -3*c = 2*c + 3*r - 85, x = -r. Calculate the highest common factor of 102 and c.
17
Let o = 48 + -16. Let z(l) = -l**2 + 9*l + 15. Let q be z(10). Suppose 92 = 2*s - 2*f, s = q*s + 5*f - 202. Calculate the highest common factor of s and o.
16
Let w be 1/3 - (-2)/(-6). Suppose 3*d + 6 + 0 = w. Let i be (d + (-12)/16)*-36. What is the highest common divisor of i and 9?
9
Let h(l) = l**3 - 14*l**2 + 4*l + 25. Let w be h(14). Calculate the highest common divisor of 180 and w.
9
Suppose -5*c + 175 = -3*n, -5*c + 194 = -4*n + 19. Suppose c = -w + 2*w. Suppose 3*l - 2 - 3 = -u, u = 3*l + w. What is the greatest common divisor of 10 and u?
10
Suppose 69 - 109 = -2*t. Calculate the greatest common factor of 220 and t.
20
Suppose 140 = m + l, 4*m = l + 56 + 504. Let f be (14/(-3))/7 + 340/6. What is the highest common factor of m and f?
28
Let x(t) = 8*t**2 - 32*t + 91. Let h be x(3). Calculate the greatest common factor of 871 and h.
67
Suppose -29*k + 50 = -66. What is the highest common divisor of 92 and k?
4
Let v = 34 + -38. Let a be (-287)/v - (-3)/12. Suppose -5*c + 3*t - t + 84 = 0, 4*c + 4*t = 84. What is the greatest common divisor of c and a?
18
Let r(p) = -p**3 - 6*p**2 + 8*p - 4. Let m be r(-7). Let d(u) = u**2 + 7*u - 11. Let x be d(m). Calculate the highest common factor of x and 22.
11
Let h be ((-318)/(-9))/(((-7)/7)/(-51)). What is the highest common factor of h and 106?
106
Suppose 0 = 7*f - 6*f + 1. Let g = 15 + f. Let b = g - 6. Calculate the highest common divisor of 72 and b.
8
Let c = -30 - -33. Suppose r - 13 - 9 = -4*k, k + c = 4*r. Suppose 0 = r*u - 2*g - 14, -2*g = 5*u + 2*g - 62. What is the greatest common factor of u and 40?
10
Suppose -3*w + 108 = -0*w - 5*x, -2*x - 158 = -4*w. Suppose -2*a + 19 = -b, -b + 0*b = -4*a + w. Calculate the highest common divisor of a and 1.
1
Let u = -4 + 4. Suppose -62 = -3*i + 2*x + 3*x, -3*i + 3*x + 72 = u. What is the highest common factor of 58 and i?
29
Suppose -5*t + 5*m = -50, -m + 42 = -5*t + 80. Let y be (6/4)/((-3)/(-56)). What is the greatest common factor of t and y?
7
Suppose -5*m + p = -126, 0*m + 3*m = 5*p + 80. Calculate the highest common divisor of 225 and m.
25
Suppose -10 = 5*d - 60. Suppose -6*x - 5*w = -3*x - 35, 69 = 5*x + 3*w. What is the highest common divisor of d and x?
5
Let u be (-12 - -11) + 38/1. Suppose 40*o - u*o - 459 = 0. Calculate the highest common divisor of o and 17.
17
Suppose 2*d + g + 7 = 0, 0 = -0*d - 5*d + 4*g + 15. Let m be -9 - -23 - (2 - d). What is the greatest common divisor of m and 77?
11
Let x(m) = m**2 - 5*m - 90. Let y be x(-9). Calculate the highest common divisor of 558 and y.
18
Let z(n) = 5*n**3 - 3*n**2 - 15*n + 15. Let c be z(6). Suppose 3*w + 1833 = 4*o, 6*w = -2*o + w + c. Calculate the highest common factor of 57 and o.
57
Let x be 55 + 4*2*4/32. Let v = 95 - x. What is the greatest common factor of 13 and v?
13
Let f be 2/21 - (-71336)/1554. Calculate the highest common divisor of 874 and f.
46
Suppose 2273 = -2*c + 2513. What is the greatest com